late the remainder when m(0) is divided by 51.
47
Suppose 10*g - 22*g = 5*g - 357. Calculate the remainder when 2 + (0 + 0 - -49) is divided by g.
9
Suppose 260 = 5*r - 5*c + 40, 0 = -3*r + 2*c + 129. What is the remainder when (-986)/(-6) + 104/(-78) is divided by r?
40
Let g = -5740 - -7157. Calculate the remainder when g is divided by 20.
17
Let l(x) = 34*x**2 - 33*x - 54. Let g(a) = -51*a**2 + 50*a + 81. Let i(d) = 5*g(d) + 8*l(d). Calculate the remainder when 134 is divided by i(-2).
65
Let h(a) = a**2 + 4*a - 8. Let y(r) = r - 2. Let f be y(-5). What is the remainder when h(f) is divided by (-3)/((-5)/(-15) + (-48)/63)?
6
Suppose 0 = 2*j - 4*j + 136. Let q be 2 + (-195)/(-27) - 18/81. Suppose f - 52 = -5*a - q, 2*f + 5*a = 61. What is the remainder when j is divided by f?
14
Suppose -599*n + 532*n = -1541. Suppose -700 = -5*q - 4*i, 2*q = 4*i + 208 + 44. Calculate the remainder when q is divided by n.
21
Suppose 4*p = -4*z + 8*z + 52, 3*p - 49 = 5*z. What is the remainder when ((-4)/3)/(-2)*18 is divided by p?
4
Let t be (8/(-6))/(-3 + 320/105). Let c = t - -33. Suppose 84 = 3*w + c*j, -w + 8 + 20 = 2*j. What is the remainder when 165 is divided by w?
25
Suppose f + 11836 = -20*f + 65*f. What is the remainder when 1318 is divided by f?
242
Suppose 1394 = 2*x + 3*h, 2*h + 10 = -3*h. Let r = x - 502. Calculate the remainder when r is divided by 8.
6
Suppose 2*f - 53 = -0*f + 5*d, -2*d - 82 = -4*f. Suppose -32 + 29 = -n. Suppose n*m - 63 = 96. What is the remainder when m is divided by f?
15
Let s(w) = -317*w**3 + 5*w**2 + 39*w + 91. What is the remainder when s(-3) is divided by 26?
24
Suppose -2 = -14*v + 12. Suppose -s = -4*h - 5 - 9, h - v = 0. Suppose -4*q - 5*o = -269, 0 = q - o - 4*o - 86. What is the remainder when q is divided by s?
17
Let s(z) = -6*z + 94. Let u(t) = -16*t - 34. Calculate the remainder when u(-6) is divided by s(15).
2
Let y be 49/(-17) - 6/51. Let r(w) = -35*w + 13. What is the remainder when r(y) is divided by 32?
22
Suppose 0 = 5*s - 4*s - 5*q, -116 = -5*s - 4*q. Suppose 5*u - 16 = -m, 0*u - 4*u + m + s = 0. What is the remainder when 0 - u - (-1 + -48) is divided by 17?
11
Let n(q) = -q**3 + 10*q**2 - 13*q - 25. Calculate the remainder when 455/(-26)*(-56)/10 is divided by n(7).
5
Let z(w) = 14*w**2 + 62*w + 4. What is the remainder when z(7) is divided by 352?
68
Let y = -857 - -1225. Calculate the remainder when y is divided by 36.
8
Let y be (-2)/1*-1*(-4)/(-8). Let q(x) = 22*x - 1. Calculate the remainder when 20614/143 - (-2)/(-13) is divided by q(y).
18
Suppose -7*s + 1903 = 902. What is the remainder when s is divided by 55?
33
Let z(v) = v**2 + v - 20. Let w be z(-6). Let u(b) = 13*b + 1. Let o be u(8). Suppose o = 15*a - w*a. Calculate the remainder when 38 is divided by a.
17
Suppose -39*x + 3530 = -2008. Calculate the remainder when x is divided by ((35/(-10))/1 - -4)*22.
10
Let w = -515 - -104. Let r = 531 + w. What is the remainder when r is divided by 31?
27
Let d = 1540 + -1075. What is the remainder when d is divided by 143?
36
Suppose -2*b - h - 24 = -1027, -5*b = h - 2506. Calculate the remainder when b is divided by 146.
63
What is the remainder when 292144/1860 + (-2)/30 is divided by 87?
70
Suppose 0*x + 2 = 2*x, 0 = 4*m - 3*x - 277. Suppose -w - 76 = -0*w + 5*z, 2*w + 2*z = -136. Let f = w + m. Calculate the remainder when 11 is divided by f.
3
Suppose 417*y = 503*y - 6364. Calculate the remainder when y is divided by 61.
13
Suppose -124*z + 142*z = 342. Calculate the remainder when 605 is divided by z.
16
Suppose 0 = -10*i - 937 + 4517. Let m = i + -324. Let b(z) = 2*z**2 - 5*z - 1. What is the remainder when b(7) is divided by m?
28
Let a = -677 + 549. Let z be (-2)/(4/14)*26. Let q = a - z. What is the remainder when q is divided by 11?
10
Suppose 37*z - 903 + 274 = 0. What is the remainder when 232 is divided by z?
11
Suppose 4654 = -89*f + 115*f. Calculate the remainder when 356 is divided by f.
177
Let c = 596 - 573. Suppose -18*m + 1138 = 418. Calculate the remainder when m is divided by c.
17
Let s = 1663 - -2654. Calculate the remainder when s is divided by 36.
33
Let k be (-22 - -1) + (2 - 1) + -5. Calculate the remainder when 76 is divided by (-3 - k - (2 + -3))*1.
7
Calculate the remainder when (-5 + (-1236)/(-18))/((-2)/(-12)) is divided by 131.
120
Let f(w) = w**3 - 22*w**2 - 26*w - 26. Let a be f(23). Let n = a + 114. Calculate the remainder when 26 is divided by n.
7
Let b(k) be the second derivative of -9*k**2 - 1/12*k**4 + 11/3*k**3 + 0 - 12*k. What is the remainder when b(17) is divided by 12?
7
Let o(t) = -t**3 - 5*t**2 + 187*t - 227. Suppose -5*x - 5*k = -85, 2*x - 78 = -3*x + 2*k. What is the remainder when o(-17) is divided by x?
14
Suppose 4*w = 63 - 43. Suppose -r + 28 = w. Let y = 355 + -346. What is the remainder when r is divided by y?
5
Let u(s) = s**2 + 5*s - 8. Let g be u(-7). Suppose -c + 31 = -3*x - g*c, 0 = -4*c - 20. What is the remainder when 1212/16 + x/(-8) is divided by 11?
10
Let u(a) = -a**3 - 62*a**2 - 336*a + 84. Calculate the remainder when u(-56) is divided by 24.
12
Suppose -20 = -2*j + 6*j. Calculate the remainder when 61 is divided by (-29)/(j + 18/12*3).
3
Suppose s = -5*o - 2*s + 33, 0 = -5*o - s + 31. Let a = 23335 - 23319. What is the remainder when a is divided by o?
4
Suppose 0 = -4*f + 76 - 48. Let m be 3/((-6)/8)*1. Calculate the remainder when m*((-2695)/10)/f is divided by 26.
24
Let f = 8930 + -8530. Calculate the remainder when 423 is divided by f.
23
Calculate the remainder when 569 is divided by (27/(-3) - 1)/(16/(-32)).
9
Let b(u) = 184*u**3 + 3*u**2 + 7*u + 4. Let t be b(-1). Let k = t - -200. Calculate the remainder when 59 is divided by k.
11
Let r(x) = -2*x**3 - 16*x**2 + 37*x + 190. Calculate the remainder when 4027 is divided by r(-9).
18
Let c = -1103 - -4222. Calculate the remainder when c is divided by 48.
47
Suppose -d + 243 + 181 = 0. Let t = d - 53. Let m = t + -232. Calculate the remainder when m is divided by 36.
31
Let b = 88 + -85. Suppose 2*w + 5*z + b = 104, 4*z = 4. What is the remainder when 94 is divided by w?
46
Let c(f) = 10*f**3 - 3*f**2 + 3*f - 1. Let j(l) = 12*l**2 + 777*l + 4667. Calculate the remainder when j(-6) is divided by c(2).
72
Suppose 4*h + 23 = 11, 0 = i + 3*h - 20. Suppose i*j - 411 = 198. What is the remainder when -1*(-1 + 0) + 39 is divided by j?
19
Suppose 0 = -33*v - 25*v - 93*v + 89543. What is the remainder when v is divided by 18?
17
Suppose -3*o - 16 - 8 = 0. Let u(a) = -10*a**2 - 15*a + 2. Let p(f) = 2*f**2 - 1. Let k(h) = -4*p(h) - u(h). What is the remainder when 49 is divided by k(o)?
9
Let x(p) = p**2 - p - 3. Let j be x(4). Suppose -65 = -d - j. What is the remainder when d is divided by 32 + -1 + (-4)/2?
27
Let y = -1 - 11. Calculate the remainder when 63145/1241 + 2/17 + -8 is divided by (-2)/8 + (-111)/y.
7
Let q = 462 - 263. What is the remainder when q is divided by ((-12)/(-15))/((-7)/7000*-8)?
99
Suppose 0 = 5*d - 23 + 3. Let n be (-12)/d*(-8)/(-12). What is the remainder when 59 is divided by 18/((2 + -3)/2 - n)?
11
What is the remainder when 209 is divided by 126/18 - (1 + -1 - 63)?
69
Let d be ((-18)/9)/(1/(-1)). Suppose 5*f = d*f + 174. Calculate the remainder when 346 is divided by f.
56
Let u be (-11 - (2 + -7)) + 10. Suppose 99 = u*k + 4*n - 149, k = -5*n + 50. Calculate the remainder when k is divided by 33.
32
Let s(j) = 18*j + 200. Let u be s(-10). Suppose -u*q + 22*q - 48 = -4*l, 19 = l - 3*q. Calculate the remainder when l is divided by 12.
1
Let p(i) = 56 + 34 + i - 70. Calculate the remainder when 117 is divided by p(10).
27
Let m = 84 + -34. Let r(x) = -x**2 + 3*x + 5. What is the remainder when (1 - 54/m)*-5*15 is divided by r(4)?
0
What is the remainder when 3669 is divided by 9 - 190/20 - 1842/(-12)?
150
Let t = -44 + 46. Suppose 0 = 5*u - t*l - 135, 4*u - 65 = -5*l + 76. Let v = 28 + -18. What is the remainder when u is divided by v?
9
Let b = -373 + 582. Let i = -108 + b. Let u = i + -96. What is the remainder when 27 is divided by u?
2
Suppose -8*w = -15*w + 1933 + 580. Calculate the remainder when w is divided by 104.
47
Let v = -2 + 7. Suppose v*j - 36 = -4*i + 46, -10 = -5*j. Suppose -304 = -162*h + 527 + 303. What is the remainder when i